1348?
28
Calculate the highest common divisor of 13 and 132019849.
13
Calculate the greatest common factor of 4980 and 25838730.
2490
What is the greatest common factor of 1616233 and 115?
23
Calculate the highest common factor of 4897 and 58930.
83
Calculate the highest common divisor of 5120 and 2671616.
1024
Calculate the greatest common factor of 1873689 and 1581.
51
Calculate the greatest common factor of 3104964 and 63.
9
What is the greatest common divisor of 262080 and 33306?
546
What is the highest common divisor of 465660 and 16562?
26
Calculate the greatest common factor of 50195376 and 72072.
5544
What is the highest common divisor of 30 and 8614194?
6
Calculate the greatest common divisor of 89258545 and 469715.
12695
Calculate the highest common factor of 98 and 600815509.
49
Calculate the highest common factor of 618326829 and 33435.
6687
Calculate the highest common divisor of 22443275 and 18050.
475
Calculate the highest common divisor of 1242 and 27945621.
621
What is the highest common factor of 9198 and 58917789?
4599
Calculate the highest common divisor of 141252 and 22120.
316
Calculate the greatest common factor of 1413 and 2518326.
9
Calculate the highest common factor of 198914 and 9756.
542
Calculate the highest common divisor of 512909 and 94445.
1453
Calculate the greatest common factor of 1452451 and 6370.
91
What is the greatest common divisor of 820806 and 483?
21
What is the highest common factor of 10857 and 6408732?
1551
What is the greatest common factor of 136 and 92869963?
17
Calculate the highest common divisor of 146825360 and 88.
88
What is the highest common divisor of 14090 and 25426814?
2818
What is the highest common divisor of 28737 and 21390?
93
Calculate the greatest common factor of 276705 and 2385.
45
Calculate the greatest common divisor of 24092406 and 4023.
1341
Calculate the highest common factor of 81977562 and 162.
54
What is the highest common divisor of 1862 and 14681723?
49
What is the highest common divisor of 40365700 and 126175?
2575
Calculate the greatest common divisor of 6452 and 460001792.
6452
What is the highest common factor of 3163178880 and 5760?
5760
Calculate the greatest common factor of 15 and 7778845.
5
What is the highest common factor of 21 and 7563243?
3
Calculate the greatest common factor of 1246 and 97563669.
623
Calculate the highest common factor of 2394573000 and 750.
750
Calculate the highest common divisor of 847681835 and 445.
445
What is the greatest common factor of 4542384 and 364?
28
Calculate the greatest common factor of 2048 and 7918656.
64
Calculate the highest common divisor of 19536 and 203832112.
6512
Calculate the greatest common divisor of 8806 and 6858838.
518
What is the greatest common divisor of 366482908 and 44?
44
What is the greatest common divisor of 407976 and 82770?
534
What is the greatest common factor of 390 and 2215620?
30
Calculate the greatest common divisor of 45547 and 35927.
37
What is the greatest common divisor of 140947226 and 98?
98
What is the greatest common factor of 29 and 26290153?
29
Calculate the highest common divisor of 955942 and 29666.
26
What is the greatest common divisor of 566136720 and 2024?
184
Calculate the highest common divisor of 15714 and 51037326.
1746
What is the greatest common divisor of 9775 and 13118832?
391
What is the greatest common divisor of 13 and 120170960?
13
Calculate the greatest common divisor of 1012 and 49519.
23
Calculate the greatest common factor of 90158869 and 38982.
6497
What is the greatest common factor of 342 and 1138963968?
342
What is the greatest common divisor of 5796952 and 108031?
427
Calculate the highest common factor of 1498 and 29904.
14
What is the greatest common divisor of 6832 and 3259438?
14
What is the highest common factor of 41452 and 192559?
241
What is the highest common factor of 15145 and 108891385?
1165
Calculate the greatest common factor of 18 and 39620310.
6
Calculate the greatest common factor of 11853240 and 420.
420
Calculate the highest common divisor of 38721087 and 13005.
2601
Calculate the highest common factor of 119938 and 2472925.
91
Calculate the highest common divisor of 552674821 and 569.
569
Calculate the highest common factor of 9074 and 51147346.
698
What is the greatest common divisor of 4424 and 1729468?
316
Calculate the greatest common factor of 7090736 and 56.
8
What is the highest common factor of 3599219 and 273?
13
Calculate the greatest common factor of 6686726 and 695375.
5563
What is the highest common divisor of 76624 and 18492?
4
What is the highest common factor of 1875 and 62451?
3
Calculate the greatest common divisor of 128395260 and 1680.
420
Calculate the greatest common factor of 328 and 246859524.
164
Calculate the highest common divisor of 260022770 and 530.
530
Calculate the greatest common factor of 111114 and 198.
18
What is the greatest common divisor of 993073 and 247?
19
Calculate the greatest common divisor of 843 and 25527726.
843
Calculate the greatest common divisor of 84931476 and 978.
978
What is the highest common factor of 1184142 and 32314?
302
Calculate the highest common divisor of 313 and 45287657.
313
Calculate the greatest common divisor of 7979679 and 868.
31
Calculate the greatest common factor of 3914988 and 847.
77
What is the highest common factor of 1950288 and 68880?
1968
What is the highest common divisor of 918765162 and 926?
926
What is the highest common divisor of 3920 and 1338520?
40
Calculate the highest common factor of 38361 and 10887.
57
Calculate the greatest common factor of 5961 and 573.
3
Calculate the greatest common divisor of 70908096 and 5439.
147
Calculate the highest common factor of 1633172284 and 262.
262
Calculate the greatest common factor of 2795 and 264251.
13
What is the highest common divisor of 154 and 72090667?
11
What is the greatest common divisor of 3476 and 213014494?
1738
What is the highest common factor of 939846 and 18138?
6
What is the greatest common factor of 588 and 6514844?
196
What is the greatest common divisor of 256441881 and 207?
69
Calculate the highest common factor of 31 and 19180289.
31
What is the highest common divisor of 270 and 32382230?
10
What is the greatest common factor of 6012 and 489600?
36
What is the greatest common divisor of 42925 and 23535650?
425
Calculate the greatest common factor of 3380110 and 13480.
3370
What is the greatest common factor of 570 and 1074894?
6
What is the highest common factor of 94466853 and 117?
117
What is the highest common factor of 2298 and 425349842?
766
What is the greatest common factor of 1195171534 and 1306?
1306
What is the highest common divisor of 143 and 86411?
13
Calculate the highest common divisor of 298452 and 128898.
462
What is the highest common divisor of 110057759 and 7?
7
Calculate the greatest common divisor of 4100 and 28003.
41
What is the highest common divisor of 48813 and 303?
3
Calculate the greatest common factor of 14720 and 144541200.
1840
What is the highest common divisor of 125 and 344430500?
125
Calculate the greatest common divisor of 48 and 9361744.
16
What is the greatest common divisor of 21827239 and 25277?
1099
What is the greatest common factor of 7038 and 135294993?
3519
Calculate the greatest common factor of 6714918 and 29953.
2723
Calculate the greatest common factor of 215 and 92272840.
215
Calculate the greatest common factor of 61 and 148405131.
61
What is the highest common divisor of 80544961 and 35?
7
Calculate the greatest common divisor of 1563842 and 56.
14
Calculate the greatest common factor of 303686 and 231357.
479
What is the greatest common divisor of 998052603 and 8166?
4083
What is the highest common factor of 2688955 and 4698061?
10147
Calculate the highest common factor of 615209 and 105.
7
What is the highest common factor of 350 and 120456350?
350
Calculate the greatest common divisor of 89236 and 4732.
28
What is the highest common divisor of 928 and 191819224?
232
What is the highest common factor of 228 and 10341206?
38
What is the greatest common factor of 108216 and 6498?
18
Calculate the highest common factor of 9010 and 15581095.
85
Calculate the highest common divisor of 54638720 and 295.
295
Calculate the greate